{"id":346,"date":"2024-07-26T22:03:24","date_gmt":"2024-07-26T20:03:24","guid":{"rendered":"https:\/\/www.rettet-lina.de\/?page_id=346"},"modified":"2024-07-26T23:08:38","modified_gmt":"2024-07-26T21:08:38","slug":"ueber-uns","status":"publish","type":"page","link":"https:\/\/www.rettet-lina.de\/index.php\/ueber-uns\/","title":{"rendered":"\u00dcber uns"},"content":{"rendered":"<div class=\"wpb-content-wrapper\">[vc_row][vc_column width=&#8221;1\/6&#8243;][\/vc_column][vc_column width=&#8221;2\/3&#8243;][vc_custom_heading text=&#8221;Wir m\u00f6chten uns kurz bei euch vorstellen.&#8221; font_container=&#8221;tag:h3|text_align:left&#8221; google_fonts=&#8221;font_family:Lato%3A100%2C100italic%2C300%2C300italic%2Cregular%2Citalic%2C700%2C700italic%2C900%2C900italic|font_style:400%20regular%3A400%3Anormal&#8221; css=&#8221;&#8221;][vc_column_text css=&#8221;&#8221;]<a href=\"https:\/\/www.rettet-lina.de\/wp-content\/uploads\/2024\/07\/sandra-und-lina.jpeg\" target=\"_blank\" rel=\"noopener\"><img decoding=\"async\" class=\"alignleft wp-image-352 size-medium\" src=\"https:\/\/www.rettet-lina.de\/wp-content\/uploads\/2024\/07\/sandra-und-lina-300x251.jpeg\" alt=\"\" width=\"300\" height=\"251\" srcset=\"https:\/\/www.rettet-lina.de\/wp-content\/uploads\/2024\/07\/sandra-und-lina-200x167.jpeg 200w, https:\/\/www.rettet-lina.de\/wp-content\/uploads\/2024\/07\/sandra-und-lina-300x251.jpeg 300w, https:\/\/www.rettet-lina.de\/wp-content\/uploads\/2024\/07\/sandra-und-lina.jpeg 400w\" sizes=\"(max-width: 300px) 100vw, 300px\" \/><\/a>Wir sind Sandra und Gero und seit ca. 4 Jahren ein Paar und sind die Pflegeeltern von Lina.<\/p>\n<p>Wie das Schicksal es wollte, wurde ich Sandra dazu auserkoren, egal wo ich war verletzte oder kranke Tiere zu finden. Ob auf der Hunderunde mit unserem jetzt 12 Jahre alten R\u00fcden Wombi, auf dem Weg zum B\u00e4cker oder inmitten der Stadt.<\/p>\n<p>Immer wieder begegneten mir \u201eNotfelle\u201c und \u201eNotfedern\u201c.<\/p>\n<p>Alles begann mit einem Igel, dem noch viele weitere folgten.<\/p>\n<p>Es ging weiter mit Schlagv\u00f6geln die vor Scheiben geflogen waren. Auch Eichh\u00f6rnchen und Hasen waren dabei.<\/p>\n<p>Als blutige Anf\u00e4ngerin war ich pl\u00f6tzlich mit einer mir v\u00f6llig unbekannten Situation konfrontiert.<\/p>\n<p>Der erste Weg f\u00fchrte dann immer zum Tierarzt, der mir viele Fragen beantworten konnte.[\/vc_column_text][vc_column_text css=&#8221;&#8221;]<a href=\"https:\/\/www.rettet-lina.de\/wp-content\/uploads\/2024\/07\/Sandra-und-Gero.jpg\" target=\"_blank\" rel=\"noopener\"><img decoding=\"async\" class=\"alignright wp-image-294\" src=\"https:\/\/www.rettet-lina.de\/wp-content\/uploads\/2024\/07\/Sandra-und-Gero.jpg\" alt=\"\" width=\"300\" height=\"326\" srcset=\"https:\/\/www.rettet-lina.de\/wp-content\/uploads\/2024\/07\/Sandra-und-Gero-200x217.jpg 200w, https:\/\/www.rettet-lina.de\/wp-content\/uploads\/2024\/07\/Sandra-und-Gero-276x300.jpg 276w, https:\/\/www.rettet-lina.de\/wp-content\/uploads\/2024\/07\/Sandra-und-Gero-400x435.jpg 400w, https:\/\/www.rettet-lina.de\/wp-content\/uploads\/2024\/07\/Sandra-und-Gero-600x652.jpg 600w, https:\/\/www.rettet-lina.de\/wp-content\/uploads\/2024\/07\/Sandra-und-Gero.jpg 699w\" sizes=\"(max-width: 300px) 100vw, 300px\" \/><\/a>Mein Partner Gero hat parallel dazu die Garage in ein Igelparadies verwandelt, Zimmervolieren organisiert, Kontakte f\u00fcr Auswilderungen gekn\u00fcpft und Langstreckenfahrten \u00fcbernommen um wieder mal einen Sch\u00fctzling irgendwo abzuholen.<\/p>\n<p>Ohne seine st\u00e4ndige Unterst\u00fctzung w\u00e4re ich echt aufgeschmissen.<\/p>\n<p>Weiterhin habe ich mich stundenlang im Internet belesen und im Laufe der Jahre ganz tolle Kontakte mit lieben Tiersch\u00fctzern im Umkreis und auch au\u00dferhalb gekn\u00fcpft. Diese Kontakte standen mir alle mit Rat und Tat f\u00fcr meine Sch\u00fctzlinge zur Seite.[\/vc_column_text][vc_separator css=&#8221;&#8221;][vc_custom_heading text=&#8221;KIS Ruhr e.V.&#8221; font_container=&#8221;tag:h3|text_align:left&#8221; google_fonts=&#8221;font_family:Lato%3A100%2C100italic%2C300%2C300italic%2Cregular%2Citalic%2C700%2C700italic%2C900%2C900italic|font_style:400%20regular%3A400%3Anormal&#8221; css=&#8221;&#8221;][vc_column_text css=&#8221;&#8221;]<a href=\"https:\/\/www.rettet-lina.de\/wp-content\/uploads\/2024\/07\/julia.jpeg\"><img decoding=\"async\" class=\"alignleft wp-image-351\" src=\"https:\/\/www.rettet-lina.de\/wp-content\/uploads\/2024\/07\/julia.jpeg\" alt=\"\" width=\"300\" height=\"398\" srcset=\"https:\/\/www.rettet-lina.de\/wp-content\/uploads\/2024\/07\/julia-200x265.jpeg 200w, https:\/\/www.rettet-lina.de\/wp-content\/uploads\/2024\/07\/julia-226x300.jpeg 226w, https:\/\/www.rettet-lina.de\/wp-content\/uploads\/2024\/07\/julia.jpeg 249w\" sizes=\"(max-width: 300px) 100vw, 300px\" \/><\/a>So befreundete ich mich unter anderen auch mit Julia Oelschl\u00e4ger, der zweiten Vorsitzenden des Vereins <a href=\"http:\/\/www.kisruhr.de\/wordpress\/willkommen\/\" target=\"_blank\" rel=\"noopener\">KIS Ruhr e.V. Bochum<\/a> ,die uns bislang in vielen unserer Tierschutzaktionen sehr unterst\u00fctzt hat und der Verein auch die\u00a0 Kosten f\u00fcr viele Wildtieruntersuchungen \u00fcbernommen hat.<\/p>\n<p>Zuvor hatte ich\u00a0 alles aus eigener Tasche finanziert.[\/vc_column_text][vc_separator css=&#8221;&#8221;][vc_custom_heading text=&#8221;Project Blue Sea e.V.&#8221; font_container=&#8221;tag:h3|text_align:left&#8221; google_fonts=&#8221;font_family:Lato%3A100%2C100italic%2C300%2C300italic%2Cregular%2Citalic%2C700%2C700italic%2C900%2C900italic|font_style:400%20regular%3A400%3Anormal&#8221; css=&#8221;&#8221;][vc_column_text css=&#8221;&#8221;]<a href=\"https:\/\/www.rettet-lina.de\/wp-content\/uploads\/2024\/07\/sascha.jpeg\" target=\"_blank\" rel=\"noopener\"><img decoding=\"async\" class=\"wp-image-353 alignright\" src=\"https:\/\/www.rettet-lina.de\/wp-content\/uploads\/2024\/07\/sascha.jpeg\" alt=\"\" width=\"300\" height=\"387\" srcset=\"https:\/\/www.rettet-lina.de\/wp-content\/uploads\/2024\/07\/sascha-200x258.jpeg 200w, https:\/\/www.rettet-lina.de\/wp-content\/uploads\/2024\/07\/sascha-233x300.jpeg 233w, https:\/\/www.rettet-lina.de\/wp-content\/uploads\/2024\/07\/sascha.jpeg 249w\" sizes=\"(max-width: 300px) 100vw, 300px\" \/><\/a>Dann lernte ich auch Sascha Regmann und seine Frau Silvana Schneider vom <a href=\"http:\/\/projectbluesea.de\/\" target=\"_blank\" rel=\"noopener\">PROJECT BLUE SEA<\/a> e.V. kennen.<\/p>\n<p>Diese beiden haben sich dem Meeresschutz verschrieben.<\/p>\n<p>Auch hier erhielten wir immer wieder Unterst\u00fctzung, indem sie uns Schlagv\u00f6gel, Tauben und Spatzen abnahmen und wieder aufp\u00e4ppelten.<\/p>\n<p><a href=\"https:\/\/www.rettet-lina.de\/wp-content\/uploads\/2024\/07\/admin-ajax.png\"><img decoding=\"async\" class=\"alignleft size-full wp-image-358\" src=\"https:\/\/www.rettet-lina.de\/wp-content\/uploads\/2024\/07\/admin-ajax.png\" alt=\"\" width=\"201\" height=\"90\" \/><\/a>[\/vc_column_text][vc_separator css=&#8221;&#8221;][vc_column_text css=&#8221;&#8221;]F\u00fcr Julias Verein f\u00fchren wir aufwendige Suchaktionen f\u00fcr Katzen mit Tasso-Aush\u00e4ngen durch und \u00fcbernehmen Fahrten zum Tierarzt. Weiterhin helfen wir bei der Vermittlung, liefern Spenden aus oder nehmen diese entgegen.<\/p>\n<p>Mit Sascha Regmanns Verein <a href=\"http:\/\/projectbluesea.de\/\" target=\"_blank\" rel=\"noopener\">Project Blue Sea<\/a> e.V. nehmen wir an Clean Up Aktionen und Infost\u00e4nden teil.<\/p>\n<p>Wir haben auch k\u00fcrzlich in einer gemeinsamen Aktion ein Hasengehege in einer Tagespflegeeinrichtung f\u00fcr alte Menschen gebaut in dem meine Mutter tags\u00fcber gastiert.<\/p>\n<p>Dort haben zwei Hasen Nachwuchs bekommen und mussten dringend aus ihren viel zu kleinen K\u00e4figen raus.<\/p>\n<p>Julia hat sich umgehend einen Pflegevertrag f\u00fcr die Hasenkinder unterzeichnen lassen und k\u00fcmmerte sich sofort um eine Pflegestelle.[\/vc_column_text][vc_media_grid element_width=&#8221;3&#8243; css=&#8221;&#8221; grid_id=&#8221;vc_gid:1722007376459-e1bc2f7f-0250-5&#8243; include=&#8221;379,378,377,376,375,374,373,372,371,370,369,368,367,366,365&#8243;][vc_custom_heading text=&#8221;Kurzum:&#8221; font_container=&#8221;tag:h3|text_align:left&#8221; google_fonts=&#8221;font_family:Lato%3A100%2C100italic%2C300%2C300italic%2Cregular%2Citalic%2C700%2C700italic%2C900%2C900italic|font_style:400%20regular%3A400%3Anormal&#8221; css=&#8221;&#8221;][vc_column_text css=&#8221;&#8221;]Wenn andere auf der Couch liegen, sitzen wir wahrscheinlich wieder mit irgendeinem Sch\u00fctzling beim Tierarzt, p\u00e4ppeln, suchen Endstellen, telefonieren, mailen und verfahren unseren Sprit.<\/p>\n<p>Egal welches Tier und zu welcher Uhrzeit.<\/p>\n<p>Wir versuchen immer zu helfen.[\/vc_column_text][\/vc_column][vc_column width=&#8221;1\/6&#8243;][\/vc_column][\/vc_row]\n<\/div>","protected":false},"excerpt":{"rendered":"<p>[vc_row][vc_column width=&#8221;1\/6&#8243;][\/vc_column][vc_column width=&#8221;2\/3&#8243;][vc_custom_heading text=&#8221;Wir m\u00f6chten uns kurz bei euch vorstellen.&#8221;  [&#8230;]<\/p>\n","protected":false},"author":1,"featured_media":0,"parent":0,"menu_order":0,"comment_status":"closed","ping_status":"closed","template":"100-width.php","meta":{"footnotes":""},"class_list":["post-346","page","type-page","status-publish","hentry"],"_links":{"self":[{"href":"https:\/\/www.rettet-lina.de\/index.php\/wp-json\/wp\/v2\/pages\/346","targetHints":{"allow":["GET"]}}],"collection":[{"href":"https:\/\/www.rettet-lina.de\/index.php\/wp-json\/wp\/v2\/pages"}],"about":[{"href":"https:\/\/www.rettet-lina.de\/index.php\/wp-json\/wp\/v2\/types\/page"}],"author":[{"embeddable":true,"href":"https:\/\/www.rettet-lina.de\/index.php\/wp-json\/wp\/v2\/users\/1"}],"replies":[{"embeddable":true,"href":"https:\/\/www.rettet-lina.de\/index.php\/wp-json\/wp\/v2\/comments?post=346"}],"version-history":[{"count":23,"href":"https:\/\/www.rettet-lina.de\/index.php\/wp-json\/wp\/v2\/pages\/346\/revisions"}],"predecessor-version":[{"id":392,"href":"https:\/\/www.rettet-lina.de\/index.php\/wp-json\/wp\/v2\/pages\/346\/revisions\/392"}],"wp:attachment":[{"href":"https:\/\/www.rettet-lina.de\/index.php\/wp-json\/wp\/v2\/media?parent=346"}],"curies":[{"name":"wp","href":"https:\/\/api.w.org\/{rel}","templated":true}]}}