{"id":513,"date":"2024-07-29T12:17:22","date_gmt":"2024-07-29T10:17:22","guid":{"rendered":"https:\/\/www.rettet-lina.de\/?page_id=513"},"modified":"2024-07-29T20:40:39","modified_gmt":"2024-07-29T18:40:39","slug":"gallerie","status":"publish","type":"page","link":"https:\/\/www.rettet-lina.de\/index.php\/gallerie\/","title":{"rendered":"Gallerie"},"content":{"rendered":"<div class=\"wpb-content-wrapper\">[vc_row][vc_column width=&#8221;1\/6&#8243;][\/vc_column][vc_column width=&#8221;1\/3&#8243;][vc_custom_heading text=&#8221;Dier ersten Bilder aus Griechenland&#8221; font_container=&#8221;tag:h3|text_align:left&#8221; google_fonts=&#8221;font_family:Lato%3A100%2C100italic%2C300%2C300italic%2Cregular%2Citalic%2C700%2C700italic%2C900%2C900italic|font_style:400%20regular%3A400%3Anormal&#8221; css=&#8221;&#8221;][vc_media_grid css=&#8221;&#8221; grid_id=&#8221;vc_gid:1722277990894-79a09119-f761-3&#8243; include=&#8221;520,519,518,517,516,515&#8243;][vc_separator css=&#8221;&#8221;][vc_custom_heading text=&#8221;Die ersten R\u00f6ntgenbilder&#8221; font_container=&#8221;tag:h3|text_align:left&#8221; google_fonts=&#8221;font_family:Lato%3A100%2C100italic%2C300%2C300italic%2Cregular%2Citalic%2C700%2C700italic%2C900%2C900italic|font_style:400%20regular%3A400%3Anormal&#8221; css=&#8221;&#8221;][vc_media_grid css=&#8221;&#8221; grid_id=&#8221;vc_gid:1722277990894-c5d169ed-31ec-10&#8243; include=&#8221;525,526&#8243;][vc_separator css=&#8221;&#8221;][vc_custom_heading text=&#8221;Spaziergang im Fr\u00fchling&#8221; font_container=&#8221;tag:h3|text_align:left&#8221; google_fonts=&#8221;font_family:Lato%3A100%2C100italic%2C300%2C300italic%2Cregular%2Citalic%2C700%2C700italic%2C900%2C900italic|font_style:400%20regular%3A400%3Anormal&#8221; css=&#8221;&#8221;][vc_media_grid css=&#8221;&#8221; grid_id=&#8221;vc_gid:1722277990895-137ef186-94b1-7&#8243; include=&#8221;528,529,530,531,532&#8243;][vc_separator css=&#8221;&#8221;][vc_custom_heading text=&#8221;Ausruhen&#8221; font_container=&#8221;tag:h3|text_align:left&#8221; google_fonts=&#8221;font_family:Lato%3A100%2C100italic%2C300%2C300italic%2Cregular%2Citalic%2C700%2C700italic%2C900%2C900italic|font_style:400%20regular%3A400%3Anormal&#8221; css=&#8221;&#8221;][vc_media_grid css=&#8221;&#8221; grid_id=&#8221;vc_gid:1722277990895-9eba252f-98eb-6&#8243; include=&#8221;536,537,538,539,540&#8243;][vc_separator css=&#8221;&#8221;][vc_custom_heading text=&#8221;Spenden f\u00fcr Lina&#8221; font_container=&#8221;tag:h3|text_align:left&#8221; google_fonts=&#8221;font_family:Lato%3A100%2C100italic%2C300%2C300italic%2Cregular%2Citalic%2C700%2C700italic%2C900%2C900italic|font_style:400%20regular%3A400%3Anormal&#8221; css=&#8221;&#8221;][vc_media_grid css=&#8221;&#8221; grid_id=&#8221;vc_gid:1722277990895-c1d60e42-e648-1&#8243; include=&#8221;542,543,544,545,546,547&#8243;][vc_separator css=&#8221;&#8221;][vc_custom_heading text=&#8221;Hundetraining mit Martin&#8221; font_container=&#8221;tag:h3|text_align:left&#8221; google_fonts=&#8221;font_family:Lato%3A100%2C100italic%2C300%2C300italic%2Cregular%2Citalic%2C700%2C700italic%2C900%2C900italic|font_style:400%20regular%3A400%3Anormal&#8221; css=&#8221;&#8221;][vc_media_grid css=&#8221;&#8221; grid_id=&#8221;vc_gid:1722277990895-2548ea9c-0b8f-4&#8243; include=&#8221;556,555,554,553,552,551,550,549&#8243;][vc_separator css=&#8221;&#8221;][\/vc_column][vc_column width=&#8221;1\/3&#8243;][vc_custom_heading text=&#8221;Als Lina zu uns kam&#8221; font_container=&#8221;tag:h3|text_align:left&#8221; google_fonts=&#8221;font_family:Lato%3A100%2C100italic%2C300%2C300italic%2Cregular%2Citalic%2C700%2C700italic%2C900%2C900italic|font_style:400%20regular%3A400%3Anormal&#8221; css=&#8221;&#8221;][vc_column_text css=&#8221;&#8221;]\n<div style=\"width: 640px;\" class=\"wp-video\"><video class=\"wp-video-shortcode\" id=\"video-513-1\" width=\"640\" height=\"352\" preload=\"metadata\" controls=\"controls\"><source type=\"video\/mp4\" src=\"https:\/\/www.rettet-lina.de\/wp-content\/uploads\/2024\/07\/Als-Lina-zu-uns-kam-1.mp4?_=1\" \/><a href=\"https:\/\/www.rettet-lina.de\/wp-content\/uploads\/2024\/07\/Als-Lina-zu-uns-kam-1.mp4\">https:\/\/www.rettet-lina.de\/wp-content\/uploads\/2024\/07\/Als-Lina-zu-uns-kam-1.mp4<\/a><\/video><\/div>\n[\/vc_column_text][vc_column_text css=&#8221;&#8221;]\n<div style=\"width: 640px;\" class=\"wp-video\"><video class=\"wp-video-shortcode\" id=\"video-513-2\" width=\"640\" height=\"352\" preload=\"metadata\" controls=\"controls\"><source type=\"video\/mp4\" src=\"https:\/\/www.rettet-lina.de\/wp-content\/uploads\/2024\/07\/Als-Lina-zu-uns-kam-2.mp4?_=2\" \/><a href=\"https:\/\/www.rettet-lina.de\/wp-content\/uploads\/2024\/07\/Als-Lina-zu-uns-kam-2.mp4\">https:\/\/www.rettet-lina.de\/wp-content\/uploads\/2024\/07\/Als-Lina-zu-uns-kam-2.mp4<\/a><\/video><\/div>\n[\/vc_column_text][vc_column_text css=&#8221;&#8221;]Das war Linas typisches Gangbild. Selbst unter Schmerzmitteln war jeder Schritt eine Qual f\u00fcr Lina.[\/vc_column_text][vc_separator css=&#8221;&#8221;][vc_custom_heading text=&#8221;Juckreiz durch Futterallergie&#8221; font_container=&#8221;tag:h3|text_align:left&#8221; google_fonts=&#8221;font_family:Lato%3A100%2C100italic%2C300%2C300italic%2Cregular%2Citalic%2C700%2C700italic%2C900%2C900italic|font_style:400%20regular%3A400%3Anormal&#8221; css=&#8221;&#8221;][vc_column_text css=&#8221;&#8221;]\n<div style=\"width: 1200px;\" class=\"wp-video\"><video class=\"wp-video-shortcode\" id=\"video-513-3\" width=\"1200\" height=\"675\" preload=\"metadata\" controls=\"controls\"><source type=\"video\/mp4\" src=\"https:\/\/www.rettet-lina.de\/wp-content\/uploads\/2024\/07\/Allergie-1.mp4?_=3\" \/><a href=\"https:\/\/www.rettet-lina.de\/wp-content\/uploads\/2024\/07\/Allergie-1.mp4\">https:\/\/www.rettet-lina.de\/wp-content\/uploads\/2024\/07\/Allergie-1.mp4<\/a><\/video><\/div>\n[\/vc_column_text][vc_column_text css=&#8221;&#8221;]\n<div style=\"width: 640px;\" class=\"wp-video\"><video class=\"wp-video-shortcode\" id=\"video-513-4\" width=\"640\" height=\"352\" preload=\"metadata\" controls=\"controls\"><source type=\"video\/mp4\" src=\"https:\/\/www.rettet-lina.de\/wp-content\/uploads\/2024\/07\/Allergie-2.mp4?_=4\" \/><a href=\"https:\/\/www.rettet-lina.de\/wp-content\/uploads\/2024\/07\/Allergie-2.mp4\">https:\/\/www.rettet-lina.de\/wp-content\/uploads\/2024\/07\/Allergie-2.mp4<\/a><\/video><\/div>\n[\/vc_column_text][vc_column_text css=&#8221;&#8221;]\n<div style=\"width: 640px;\" class=\"wp-video\"><video class=\"wp-video-shortcode\" id=\"video-513-5\" width=\"640\" height=\"352\" preload=\"metadata\" controls=\"controls\"><source type=\"video\/mp4\" src=\"https:\/\/www.rettet-lina.de\/wp-content\/uploads\/2024\/07\/Allergie-3.mp4?_=5\" \/><a href=\"https:\/\/www.rettet-lina.de\/wp-content\/uploads\/2024\/07\/Allergie-3.mp4\">https:\/\/www.rettet-lina.de\/wp-content\/uploads\/2024\/07\/Allergie-3.mp4<\/a><\/video><\/div>\n[\/vc_column_text][vc_column_text css=&#8221;&#8221;]Lina bekam aufgrund von massiven Futtermittelallergien heftigen Juckreiz.[\/vc_column_text][vc_separator css=&#8221;&#8221;][vc_custom_heading text=&#8221;Nach der OP und Reha&#8221; font_container=&#8221;tag:h3|text_align:left&#8221; google_fonts=&#8221;font_family:Lato%3A100%2C100italic%2C300%2C300italic%2Cregular%2Citalic%2C700%2C700italic%2C900%2C900italic|font_style:400%20regular%3A400%3Anormal&#8221; css=&#8221;&#8221;][vc_column_text css=&#8221;&#8221;]\n<div style=\"width: 854px;\" class=\"wp-video\"><video class=\"wp-video-shortcode\" id=\"video-513-6\" width=\"854\" height=\"480\" preload=\"metadata\" controls=\"controls\"><source type=\"video\/mp4\" src=\"https:\/\/www.rettet-lina.de\/wp-content\/uploads\/2024\/07\/Nach-der-OP-1.mp4?_=6\" \/><a href=\"https:\/\/www.rettet-lina.de\/wp-content\/uploads\/2024\/07\/Nach-der-OP-1.mp4\">https:\/\/www.rettet-lina.de\/wp-content\/uploads\/2024\/07\/Nach-der-OP-1.mp4<\/a><\/video><\/div>\n[\/vc_column_text][vc_column_text css=&#8221;&#8221;]\n<div style=\"width: 1200px;\" class=\"wp-video\"><video class=\"wp-video-shortcode\" id=\"video-513-7\" width=\"1200\" height=\"675\" preload=\"metadata\" controls=\"controls\"><source type=\"video\/mp4\" src=\"https:\/\/www.rettet-lina.de\/wp-content\/uploads\/2024\/07\/Nach-der-OP-2.mp4?_=7\" \/><a href=\"https:\/\/www.rettet-lina.de\/wp-content\/uploads\/2024\/07\/Nach-der-OP-2.mp4\">https:\/\/www.rettet-lina.de\/wp-content\/uploads\/2024\/07\/Nach-der-OP-2.mp4<\/a><\/video><\/div>\n[\/vc_column_text][vc_column_text css=&#8221;&#8221;]Das Wunder ist geschehen. Dank der Operation im Tiergesundheitszentrum Gru\u00dfendorf kann Lina wieder fr\u00f6hlich und vergn\u00fcgt ihr Leben genie\u00dfen.[\/vc_column_text][\/vc_column][vc_column width=&#8221;1\/6&#8243;][\/vc_column][\/vc_row]\n<\/div>","protected":false},"excerpt":{"rendered":"<p>[vc_row][vc_column width=&#8221;1\/6&#8243;][\/vc_column][vc_column width=&#8221;1\/3&#8243;][vc_custom_heading text=&#8221;Dier ersten Bilder aus Griechenland&#8221; font_container=&#8221;tag:h3|text_align:left&#8221; google_fonts=&#8221;font_family:Lato%3A100%2C100italic%2C300%2C300italic%2Cregular%2Citalic%2C700%2C700italic%2C900%2C900italic|font_style:400%20regular%3A400%3Anormal&#8221;  [&#8230;]<\/p>\n","protected":false},"author":1,"featured_media":0,"parent":0,"menu_order":0,"comment_status":"closed","ping_status":"closed","template":"100-width.php","meta":{"footnotes":""},"class_list":["post-513","page","type-page","status-publish","hentry"],"_links":{"self":[{"href":"https:\/\/www.rettet-lina.de\/index.php\/wp-json\/wp\/v2\/pages\/513","targetHints":{"allow":["GET"]}}],"collection":[{"href":"https:\/\/www.rettet-lina.de\/index.php\/wp-json\/wp\/v2\/pages"}],"about":[{"href":"https:\/\/www.rettet-lina.de\/index.php\/wp-json\/wp\/v2\/types\/page"}],"author":[{"embeddable":true,"href":"https:\/\/www.rettet-lina.de\/index.php\/wp-json\/wp\/v2\/users\/1"}],"replies":[{"embeddable":true,"href":"https:\/\/www.rettet-lina.de\/index.php\/wp-json\/wp\/v2\/comments?post=513"}],"version-history":[{"count":13,"href":"https:\/\/www.rettet-lina.de\/index.php\/wp-json\/wp\/v2\/pages\/513\/revisions"}],"predecessor-version":[{"id":521,"href":"https:\/\/www.rettet-lina.de\/index.php\/wp-json\/wp\/v2\/pages\/513\/revisions\/521"}],"wp:attachment":[{"href":"https:\/\/www.rettet-lina.de\/index.php\/wp-json\/wp\/v2\/media?parent=513"}],"curies":[{"name":"wp","href":"https:\/\/api.w.org\/{rel}","templated":true}]}}

<div class="wpb-content-wrapper">[vc_row][vc_column width=&#8221;1/6&#8243;][/vc_column][vc_column width=&#8221;1/3&#8243;][vc_custom_heading text=&#8221;Dier ersten Bilder aus Griechenland&#8221; font_container=&#8221;tag:h3|text_align:left&#8221; google_fonts=&#8221;font_family:Lato%3A100%2C100italic%2C300%2C300italic%2Cregular%2Citalic%2C700%2C700italic%2C900%2C900italic|font_style:400%20regular%3A400%3Anormal&#8221; css=&#8221;&#8221;][vc_media_grid css=&#8221;&#8221; grid_id=&#8221;vc_gid:1722277990894-79a09119-f761-3&#8243; include=&#8221;520,519,518,517,516,515&#8243;][vc_separator css=&#8221;&#8221;][vc_custom_heading text=&#8221;Die ersten Röntgenbilder&#8221; font_container=&#8221;tag:h3|text_align:left&#8221; google_fonts=&#8221;font_family:Lato%3A100%2C100italic%2C300%2C300italic%2Cregular%2Citalic%2C700%2C700italic%2C900%2C900italic|font_style:400%20regular%3A400%3Anormal&#8221; css=&#8221;&#8221;][vc_media_grid css=&#8221;&#8221; grid_id=&#8221;vc_gid:1722277990894-c5d169ed-31ec-10&#8243; include=&#8221;525,526&#8243;][vc_separator css=&#8221;&#8221;][vc_custom_heading text=&#8221;Spaziergang im Frühling&#8221; font_container=&#8221;tag:h3|text_align:left&#8221; google_fonts=&#8221;font_family:Lato%3A100%2C100italic%2C300%2C300italic%2Cregular%2Citalic%2C700%2C700italic%2C900%2C900italic|font_style:400%20regular%3A400%3Anormal&#8221; css=&#8221;&#8221;][vc_media_grid css=&#8221;&#8221; grid_id=&#8221;vc_gid:1722277990895-137ef186-94b1-7&#8243; include=&#8221;528,529,530,531,532&#8243;][vc_separator css=&#8221;&#8221;][vc_custom_heading text=&#8221;Ausruhen&#8221; font_container=&#8221;tag:h3|text_align:left&#8221; google_fonts=&#8221;font_family:Lato%3A100%2C100italic%2C300%2C300italic%2Cregular%2Citalic%2C700%2C700italic%2C900%2C900italic|font_style:400%20regular%3A400%3Anormal&#8221; css=&#8221;&#8221;][vc_media_grid css=&#8221;&#8221; grid_id=&#8221;vc_gid:1722277990895-9eba252f-98eb-6&#8243; include=&#8221;536,537,538,539,540&#8243;][vc_separator css=&#8221;&#8221;][vc_custom_heading text=&#8221;Spenden für Lina&#8221; font_container=&#8221;tag:h3|text_align:left&#8221; google_fonts=&#8221;font_family:Lato%3A100%2C100italic%2C300%2C300italic%2Cregular%2Citalic%2C700%2C700italic%2C900%2C900italic|font_style:400%20regular%3A400%3Anormal&#8221; css=&#8221;&#8221;][vc_media_grid css=&#8221;&#8221; grid_id=&#8221;vc_gid:1722277990895-c1d60e42-e648-1&#8243; include=&#8221;542,543,544,545,546,547&#8243;][vc_separator css=&#8221;&#8221;][vc_custom_heading text=&#8221;Hundetraining mit Martin&#8221; font_container=&#8221;tag:h3|text_align:left&#8221; google_fonts=&#8221;font_family:Lato%3A100%2C100italic%2C300%2C300italic%2Cregular%2Citalic%2C700%2C700italic%2C900%2C900italic|font_style:400%20regular%3A400%3Anormal&#8221; css=&#8221;&#8221;][vc_media_grid css=&#8221;&#8221; grid_id=&#8221;vc_gid:1722277990895-2548ea9c-0b8f-4&#8243; include=&#8221;556,555,554,553,552,551,550,549&#8243;][vc_separator css=&#8221;&#8221;][/vc_column][vc_column width=&#8221;1/3&#8243;][vc_custom_heading text=&#8221;Als Lina zu uns kam&#8221; font_container=&#8221;tag:h3|text_align:left&#8221; google_fonts=&#8221;font_family:Lato%3A100%2C100italic%2C300%2C300italic%2Cregular%2Citalic%2C700%2C700italic%2C900%2C900italic|font_style:400%20regular%3A400%3Anormal&#8221; css=&#8221;&#8221;][vc_column_text css=&#8221;&#8221;]
<div style="width: 640px;" class="wp-video"><video class="wp-video-shortcode" id="video-513-1" width="640" height="352" preload="metadata" controls="controls"><source type="video/mp4" src="https://www.rettet-lina.de/wp-content/uploads/2024/07/Als-Lina-zu-uns-kam-1.mp4?_=1" /><a href="https://www.rettet-lina.de/wp-content/uploads/2024/07/Als-Lina-zu-uns-kam-1.mp4">https://www.rettet-lina.de/wp-content/uploads/2024/07/Als-Lina-zu-uns-kam-1.mp4</a></video></div>
[/vc_column_text][vc_column_text css=&#8221;&#8221;]
<div style="width: 640px;" class="wp-video"><video class="wp-video-shortcode" id="video-513-2" width="640" height="352" preload="metadata" controls="controls"><source type="video/mp4" src="https://www.rettet-lina.de/wp-content/uploads/2024/07/Als-Lina-zu-uns-kam-2.mp4?_=2" /><a href="https://www.rettet-lina.de/wp-content/uploads/2024/07/Als-Lina-zu-uns-kam-2.mp4">https://www.rettet-lina.de/wp-content/uploads/2024/07/Als-Lina-zu-uns-kam-2.mp4</a></video></div>
[/vc_column_text][vc_column_text css=&#8221;&#8221;]Das war Linas typisches Gangbild. Selbst unter Schmerzmitteln war jeder Schritt eine Qual für Lina.[/vc_column_text][vc_separator css=&#8221;&#8221;][vc_custom_heading text=&#8221;Juckreiz durch Futterallergie&#8221; font_container=&#8221;tag:h3|text_align:left&#8221; google_fonts=&#8221;font_family:Lato%3A100%2C100italic%2C300%2C300italic%2Cregular%2Citalic%2C700%2C700italic%2C900%2C900italic|font_style:400%20regular%3A400%3Anormal&#8221; css=&#8221;&#8221;][vc_column_text css=&#8221;&#8221;]
<div style="width: 1200px;" class="wp-video"><video class="wp-video-shortcode" id="video-513-3" width="1200" height="675" preload="metadata" controls="controls"><source type="video/mp4" src="https://www.rettet-lina.de/wp-content/uploads/2024/07/Allergie-1.mp4?_=3" /><a href="https://www.rettet-lina.de/wp-content/uploads/2024/07/Allergie-1.mp4">https://www.rettet-lina.de/wp-content/uploads/2024/07/Allergie-1.mp4</a></video></div>
[/vc_column_text][vc_column_text css=&#8221;&#8221;]
<div style="width: 640px;" class="wp-video"><video class="wp-video-shortcode" id="video-513-4" width="640" height="352" preload="metadata" controls="controls"><source type="video/mp4" src="https://www.rettet-lina.de/wp-content/uploads/2024/07/Allergie-2.mp4?_=4" /><a href="https://www.rettet-lina.de/wp-content/uploads/2024/07/Allergie-2.mp4">https://www.rettet-lina.de/wp-content/uploads/2024/07/Allergie-2.mp4</a></video></div>
[/vc_column_text][vc_column_text css=&#8221;&#8221;]
<div style="width: 640px;" class="wp-video"><video class="wp-video-shortcode" id="video-513-5" width="640" height="352" preload="metadata" controls="controls"><source type="video/mp4" src="https://www.rettet-lina.de/wp-content/uploads/2024/07/Allergie-3.mp4?_=5" /><a href="https://www.rettet-lina.de/wp-content/uploads/2024/07/Allergie-3.mp4">https://www.rettet-lina.de/wp-content/uploads/2024/07/Allergie-3.mp4</a></video></div>
[/vc_column_text][vc_column_text css=&#8221;&#8221;]Lina bekam aufgrund von massiven Futtermittelallergien heftigen Juckreiz.[/vc_column_text][vc_separator css=&#8221;&#8221;][vc_custom_heading text=&#8221;Nach der OP und Reha&#8221; font_container=&#8221;tag:h3|text_align:left&#8221; google_fonts=&#8221;font_family:Lato%3A100%2C100italic%2C300%2C300italic%2Cregular%2Citalic%2C700%2C700italic%2C900%2C900italic|font_style:400%20regular%3A400%3Anormal&#8221; css=&#8221;&#8221;][vc_column_text css=&#8221;&#8221;]
<div style="width: 854px;" class="wp-video"><video class="wp-video-shortcode" id="video-513-6" width="854" height="480" preload="metadata" controls="controls"><source type="video/mp4" src="https://www.rettet-lina.de/wp-content/uploads/2024/07/Nach-der-OP-1.mp4?_=6" /><a href="https://www.rettet-lina.de/wp-content/uploads/2024/07/Nach-der-OP-1.mp4">https://www.rettet-lina.de/wp-content/uploads/2024/07/Nach-der-OP-1.mp4</a></video></div>
[/vc_column_text][vc_column_text css=&#8221;&#8221;]
<div style="width: 1200px;" class="wp-video"><video class="wp-video-shortcode" id="video-513-7" width="1200" height="675" preload="metadata" controls="controls"><source type="video/mp4" src="https://www.rettet-lina.de/wp-content/uploads/2024/07/Nach-der-OP-2.mp4?_=7" /><a href="https://www.rettet-lina.de/wp-content/uploads/2024/07/Nach-der-OP-2.mp4">https://www.rettet-lina.de/wp-content/uploads/2024/07/Nach-der-OP-2.mp4</a></video></div>
[/vc_column_text][vc_column_text css=&#8221;&#8221;]Das Wunder ist geschehen. Dank der Operation im Tiergesundheitszentrum Grußendorf kann Lina wieder fröhlich und vergnügt ihr Leben genießen.[/vc_column_text][/vc_column][vc_column width=&#8221;1/6&#8243;][/vc_column][/vc_row]
</div>
